{"id":154,"date":"2025-10-01T16:12:38","date_gmt":"2025-10-01T14:12:38","guid":{"rendered":"https:\/\/www.kellal.louisst.o2switch.site\/ddg\/?page_id=154"},"modified":"2025-10-02T11:48:23","modified_gmt":"2025-10-02T09:48:23","slug":"mentions-legal","status":"publish","type":"page","link":"https:\/\/www.kellal.louisst.o2switch.site\/ddg\/mentions-legal\/","title":{"rendered":"Mentions l\u00e9gales"},"content":{"rendered":"\n<ul class=\"wp-block-list\">\n<li class=\"has-ast-global-color-8-color has-text-color has-link-color wp-elements-1f90fe75ea9459d30d24eb3f51740267\"><strong>Raison sociale :<\/strong> D\u00e9lices des G\u00f4nes<\/li>\n\n\n\n<li class=\"has-ast-global-color-8-color has-text-color has-link-color wp-elements-70122e2d0acd349ee3ebedcd84d29b76\"><strong>Forme juridique :<\/strong> SARL au capital de 10 000 \u20ac<\/li>\n\n\n\n<li class=\"has-ast-global-color-8-color has-text-color has-link-color wp-elements-556c1fe265710bb01acd36ad1b1df549\"><strong>RCS :<\/strong> Lyon 254 789 410<\/li>\n\n\n\n<li class=\"has-ast-global-color-8-color has-text-color has-link-color wp-elements-d04f40d03cde5e56aafdf22374bacd87\"><strong>SIRET :<\/strong> 254 789 410 00012<\/li>\n\n\n\n<li class=\"has-ast-global-color-8-color has-text-color has-link-color wp-elements-f8d53b07168cc6834f1c7b2b02b1781c\"><strong>Identifiant TVA intracommunautaire :<\/strong> FR 44 254 789 410<\/li>\n\n\n\n<li class=\"has-ast-global-color-8-color has-text-color has-link-color wp-elements-3848d203e8759746fa7351cc647e6ec0\"><strong>Adresse du si\u00e8ge social :<\/strong> 27 rue Saint Jean \u2013 69005 Lyon<\/li>\n\n\n\n<li class=\"has-ast-global-color-8-color has-text-color has-link-color wp-elements-af7c78e1a80d053ae21ccae12061afb3\"><strong>T\u00e9l\u00e9phone :<\/strong> 04.72.33.15.15<\/li>\n\n\n\n<li class=\"has-ast-global-color-8-color has-text-color has-link-color wp-elements-07a1f325b7fe1511c63f5922b32f7066\"><strong>Adresse e-mail :<\/strong> delicesdesgones@free.fr<\/li>\n\n\n\n<li class=\"has-ast-global-color-8-color has-text-color has-link-color wp-elements-b402a0c46ef92394fc8c01763a1e48bb\"><strong>Horaires d\u2019ouverture :<\/strong> Tous les jours, dimanche inclus, de 10h \u00e0 19h <\/li>\n<\/ul>\n\n\n\n<p><\/p>\n\n\n\n<p><\/p>\n\n\n\n<p class=\"has-ast-global-color-8-color has-text-color has-link-color wp-elements-f8d5b4386c360faa785c18ee6e7df882\"><strong>H\u00e9bergeur :<\/strong> o2switch<\/p>\n\n\n\n<p class=\"has-ast-global-color-8-color has-text-color has-link-color wp-elements-b075a69a0bfe4b17483aa3a70c7bcb2b\"><strong>Adresse de l\u2019h\u00e9bergeur :<\/strong> Chem. des Pardiaux, 63000 Clermont-Ferrand<\/p>\n\n\n\n<p class=\"has-ast-global-color-8-color has-text-color has-link-color wp-elements-6a2443a96e3494a594edc2b82774a913\"><strong>T\u00e9l\u00e9phone :<\/strong> 04 44 44 60 40<\/p>\n\n\n\n<p class=\"has-ast-global-color-8-color has-text-color has-link-color wp-elements-dddff8593346a22d70bd256517dbdf4f\"><strong>Site web :<\/strong> <a href=\"https:\/\/www.o2switch.fr\">https:\/\/www.o2switch.fr<\/a><\/p>\n\n\n\n<p><\/p>\n","protected":false},"excerpt":{"rendered":"<p>H\u00e9bergeur : o2switch Adresse de l\u2019h\u00e9bergeur : Chem. des Pardiaux, 63000 Clermont-Ferrand T\u00e9l\u00e9phone : 04 44 44 60 40 Site [&hellip;]<\/p>\n","protected":false},"author":1,"featured_media":0,"parent":0,"menu_order":0,"comment_status":"closed","ping_status":"closed","template":"","meta":{"_uag_custom_page_level_css":"","site-sidebar-layout":"default","site-content-layout":"","ast-site-content-layout":"default","site-content-style":"default","site-sidebar-style":"default","ast-global-header-display":"","ast-banner-title-visibility":"","ast-main-header-display":"","ast-hfb-above-header-display":"","ast-hfb-below-header-display":"","ast-hfb-mobile-header-display":"","site-post-title":"","ast-breadcrumbs-content":"","ast-featured-img":"","footer-sml-layout":"","theme-transparent-header-meta":"","adv-header-id-meta":"","stick-header-meta":"","header-above-stick-meta":"","header-main-stick-meta":"","header-below-stick-meta":"","astra-migrate-meta-layouts":"default","ast-page-background-enabled":"default","ast-page-background-meta":{"desktop":{"background-color":"var(--ast-global-color-5)","background-image":"","background-repeat":"repeat","background-position":"center center","background-size":"auto","background-attachment":"scroll","background-type":"","background-media":"","overlay-type":"","overlay-color":"","overlay-opacity":"","overlay-gradient":""},"tablet":{"background-color":"","background-image":"","background-repeat":"repeat","background-position":"center center","background-size":"auto","background-attachment":"scroll","background-type":"","background-media":"","overlay-type":"","overlay-color":"","overlay-opacity":"","overlay-gradient":""},"mobile":{"background-color":"","background-image":"","background-repeat":"repeat","background-position":"center center","background-size":"auto","background-attachment":"scroll","background-type":"","background-media":"","overlay-type":"","overlay-color":"","overlay-opacity":"","overlay-gradient":""}},"ast-content-background-meta":{"desktop":{"background-color":"var(--ast-global-color-4)","background-image":"","background-repeat":"repeat","background-position":"center center","background-size":"auto","background-attachment":"scroll","background-type":"","background-media":"","overlay-type":"","overlay-color":"","overlay-opacity":"","overlay-gradient":""},"tablet":{"background-color":"var(--ast-global-color-4)","background-image":"","background-repeat":"repeat","background-position":"center center","background-size":"auto","background-attachment":"scroll","background-type":"","background-media":"","overlay-type":"","overlay-color":"","overlay-opacity":"","overlay-gradient":""},"mobile":{"background-color":"var(--ast-global-color-4)","background-image":"","background-repeat":"repeat","background-position":"center center","background-size":"auto","background-attachment":"scroll","background-type":"","background-media":"","overlay-type":"","overlay-color":"","overlay-opacity":"","overlay-gradient":""}},"footnotes":""},"class_list":["post-154","page","type-page","status-publish","hentry"],"yoast_head":"<!-- This site is optimized with the Yoast SEO plugin v26.6 - https:\/\/yoast.com\/wordpress\/plugins\/seo\/ -->\n<title>Mentions l\u00e9gales -<\/title>\n<meta name=\"robots\" content=\"index, follow, max-snippet:-1, max-image-preview:large, max-video-preview:-1\" \/>\n<link rel=\"canonical\" href=\"https:\/\/www.kellal.louisst.o2switch.site\/ddg\/mentions-legal\/\" \/>\n<meta property=\"og:locale\" content=\"fr_FR\" \/>\n<meta property=\"og:type\" content=\"article\" \/>\n<meta property=\"og:title\" content=\"Mentions l\u00e9gales -\" \/>\n<meta property=\"og:description\" content=\"H\u00e9bergeur : o2switch Adresse de l\u2019h\u00e9bergeur : Chem. des Pardiaux, 63000 Clermont-Ferrand T\u00e9l\u00e9phone : 04 44 44 60 40 Site [&hellip;]\" \/>\n<meta property=\"og:url\" content=\"https:\/\/www.kellal.louisst.o2switch.site\/ddg\/mentions-legal\/\" \/>\n<meta property=\"article:modified_time\" content=\"2025-10-02T09:48:23+00:00\" \/>\n<meta name=\"twitter:card\" content=\"summary_large_image\" \/>\n<script type=\"application\/ld+json\" class=\"yoast-schema-graph\">{\"@context\":\"https:\/\/schema.org\",\"@graph\":[{\"@type\":\"WebPage\",\"@id\":\"https:\/\/www.kellal.louisst.o2switch.site\/ddg\/mentions-legal\/\",\"url\":\"https:\/\/www.kellal.louisst.o2switch.site\/ddg\/mentions-legal\/\",\"name\":\"Mentions l\u00e9gales -\",\"isPartOf\":{\"@id\":\"https:\/\/www.kellal.louisst.o2switch.site\/ddg\/#website\"},\"datePublished\":\"2025-10-01T14:12:38+00:00\",\"dateModified\":\"2025-10-02T09:48:23+00:00\",\"breadcrumb\":{\"@id\":\"https:\/\/www.kellal.louisst.o2switch.site\/ddg\/mentions-legal\/#breadcrumb\"},\"inLanguage\":\"fr-FR\",\"potentialAction\":[{\"@type\":\"ReadAction\",\"target\":[\"https:\/\/www.kellal.louisst.o2switch.site\/ddg\/mentions-legal\/\"]}]},{\"@type\":\"BreadcrumbList\",\"@id\":\"https:\/\/www.kellal.louisst.o2switch.site\/ddg\/mentions-legal\/#breadcrumb\",\"itemListElement\":[{\"@type\":\"ListItem\",\"position\":1,\"name\":\"Accueil\",\"item\":\"https:\/\/www.kellal.louisst.o2switch.site\/ddg\/\"},{\"@type\":\"ListItem\",\"position\":2,\"name\":\"Mentions l\u00e9gales\"}]},{\"@type\":\"WebSite\",\"@id\":\"https:\/\/www.kellal.louisst.o2switch.site\/ddg\/#website\",\"url\":\"https:\/\/www.kellal.louisst.o2switch.site\/ddg\/\",\"name\":\"\",\"description\":\"Les meilleures lyonnaiseries de la ville\",\"potentialAction\":[{\"@type\":\"SearchAction\",\"target\":{\"@type\":\"EntryPoint\",\"urlTemplate\":\"https:\/\/www.kellal.louisst.o2switch.site\/ddg\/?s={search_term_string}\"},\"query-input\":{\"@type\":\"PropertyValueSpecification\",\"valueRequired\":true,\"valueName\":\"search_term_string\"}}],\"inLanguage\":\"fr-FR\"}]}<\/script>\n<!-- \/ Yoast SEO plugin. -->","yoast_head_json":{"title":"Mentions l\u00e9gales -","robots":{"index":"index","follow":"follow","max-snippet":"max-snippet:-1","max-image-preview":"max-image-preview:large","max-video-preview":"max-video-preview:-1"},"canonical":"https:\/\/www.kellal.louisst.o2switch.site\/ddg\/mentions-legal\/","og_locale":"fr_FR","og_type":"article","og_title":"Mentions l\u00e9gales -","og_description":"H\u00e9bergeur : o2switch Adresse de l\u2019h\u00e9bergeur : Chem. des Pardiaux, 63000 Clermont-Ferrand T\u00e9l\u00e9phone : 04 44 44 60 40 Site [&hellip;]","og_url":"https:\/\/www.kellal.louisst.o2switch.site\/ddg\/mentions-legal\/","article_modified_time":"2025-10-02T09:48:23+00:00","twitter_card":"summary_large_image","schema":{"@context":"https:\/\/schema.org","@graph":[{"@type":"WebPage","@id":"https:\/\/www.kellal.louisst.o2switch.site\/ddg\/mentions-legal\/","url":"https:\/\/www.kellal.louisst.o2switch.site\/ddg\/mentions-legal\/","name":"Mentions l\u00e9gales -","isPartOf":{"@id":"https:\/\/www.kellal.louisst.o2switch.site\/ddg\/#website"},"datePublished":"2025-10-01T14:12:38+00:00","dateModified":"2025-10-02T09:48:23+00:00","breadcrumb":{"@id":"https:\/\/www.kellal.louisst.o2switch.site\/ddg\/mentions-legal\/#breadcrumb"},"inLanguage":"fr-FR","potentialAction":[{"@type":"ReadAction","target":["https:\/\/www.kellal.louisst.o2switch.site\/ddg\/mentions-legal\/"]}]},{"@type":"BreadcrumbList","@id":"https:\/\/www.kellal.louisst.o2switch.site\/ddg\/mentions-legal\/#breadcrumb","itemListElement":[{"@type":"ListItem","position":1,"name":"Accueil","item":"https:\/\/www.kellal.louisst.o2switch.site\/ddg\/"},{"@type":"ListItem","position":2,"name":"Mentions l\u00e9gales"}]},{"@type":"WebSite","@id":"https:\/\/www.kellal.louisst.o2switch.site\/ddg\/#website","url":"https:\/\/www.kellal.louisst.o2switch.site\/ddg\/","name":"","description":"Les meilleures lyonnaiseries de la ville","potentialAction":[{"@type":"SearchAction","target":{"@type":"EntryPoint","urlTemplate":"https:\/\/www.kellal.louisst.o2switch.site\/ddg\/?s={search_term_string}"},"query-input":{"@type":"PropertyValueSpecification","valueRequired":true,"valueName":"search_term_string"}}],"inLanguage":"fr-FR"}]}},"uagb_featured_image_src":{"full":false,"thumbnail":false,"medium":false,"medium_large":false,"large":false,"1536x1536":false,"2048x2048":false},"uagb_author_info":{"display_name":"admin","author_link":"https:\/\/www.kellal.louisst.o2switch.site\/ddg\/author\/admin\/"},"uagb_comment_info":0,"uagb_excerpt":"H\u00e9bergeur : o2switch Adresse de l\u2019h\u00e9bergeur : Chem. des Pardiaux, 63000 Clermont-Ferrand T\u00e9l\u00e9phone : 04 44 44 60 40 Site [&hellip;]","_links":{"self":[{"href":"https:\/\/www.kellal.louisst.o2switch.site\/ddg\/wp-json\/wp\/v2\/pages\/154","targetHints":{"allow":["GET"]}}],"collection":[{"href":"https:\/\/www.kellal.louisst.o2switch.site\/ddg\/wp-json\/wp\/v2\/pages"}],"about":[{"href":"https:\/\/www.kellal.louisst.o2switch.site\/ddg\/wp-json\/wp\/v2\/types\/page"}],"author":[{"embeddable":true,"href":"https:\/\/www.kellal.louisst.o2switch.site\/ddg\/wp-json\/wp\/v2\/users\/1"}],"replies":[{"embeddable":true,"href":"https:\/\/www.kellal.louisst.o2switch.site\/ddg\/wp-json\/wp\/v2\/comments?post=154"}],"version-history":[{"count":2,"href":"https:\/\/www.kellal.louisst.o2switch.site\/ddg\/wp-json\/wp\/v2\/pages\/154\/revisions"}],"predecessor-version":[{"id":191,"href":"https:\/\/www.kellal.louisst.o2switch.site\/ddg\/wp-json\/wp\/v2\/pages\/154\/revisions\/191"}],"wp:attachment":[{"href":"https:\/\/www.kellal.louisst.o2switch.site\/ddg\/wp-json\/wp\/v2\/media?parent=154"}],"curies":[{"name":"wp","href":"https:\/\/api.w.org\/{rel}","templated":true}]}}